{"id":347,"date":"2025-07-23T00:28:59","date_gmt":"2025-07-23T00:28:59","guid":{"rendered":"http:\/\/fermademiri.com\/?post_type=product&#038;p=347"},"modified":"2025-08-22T11:26:43","modified_gmt":"2025-08-22T11:26:43","slug":"lip-gloss-shkelqyes-per-buzet","status":"publish","type":"product","link":"https:\/\/fermademiri.com\/?product=lip-gloss-shkelqyes-per-buzet","title":{"rendered":"Lip Gloss \/ Shkelqyes per buzet"},"content":{"rendered":"<p>Ky shkelyes buzesh nga <strong data-start=\"659\" data-end=\"675\">Ferma Demiri<\/strong> \u00ebsht\u00eb formul\u00eb 100% natyrale p\u00ebr kujdesin dhe bukurin\u00eb e buz\u00ebve tua. Me p\u00ebrb\u00ebr\u00ebs si gjalp\u00eb shea, gjalp\u00eb kakao, vaj kokosi, vaj ulliri dhe bajame, ai ofron hidratim t\u00eb thell\u00eb dhe ushqim t\u00eb vazhduesh\u00ebm p\u00ebr buz\u00ebt e thata apo t\u00eb d\u00ebmtuara.<br data-start=\"909\" data-end=\"912\" \/>I pasuruar me vitamin\u00eb E dhe me ngjyr\u00eb t\u00eb leht\u00eb natyrale, ky gloss jep nj\u00eb shk\u00eblqim delikat, pa efekt ngjit\u00ebs, duke i b\u00ebr\u00eb buz\u00ebt t\u00eb duken m\u00eb t\u00eb plota dhe m\u00eb t\u00eb buta.<br data-start=\"1077\" data-end=\"1080\" \/><strong data-start=\"1083\" data-end=\"1159\">Zgjidh bukurin\u00eb natyrale dhe kujdesin e past\u00ebr \u2013 shtoje n\u00eb shport\u00eb tani!<\/strong><\/p>\n","protected":false},"excerpt":{"rendered":"<p>Lip gloss natyral me gjalp\u00eb shea, gjalp\u00eb kakao, vaj kokosi dhe vitamin\u00eb E \u2013 ushqen, zbut dhe jep shk\u00eblqim t\u00eb sh\u00ebndetsh\u00ebm buz\u00ebve.<br data-start=\"319\" data-end=\"322\" \/><strong data-start=\"325\" data-end=\"365\">Porosite tani dhe shk\u00eblqe natyrsh\u00ebm!<\/strong><\/p>\n","protected":false},"featured_media":334,"comment_status":"open","ping_status":"closed","template":"","meta":{"site-sidebar-layout":"default","site-content-layout":"","ast-site-content-layout":"default","site-content-style":"default","site-sidebar-style":"default","ast-global-header-display":"","ast-banner-title-visibility":"","ast-main-header-display":"","ast-hfb-above-header-display":"","ast-hfb-below-header-display":"","ast-hfb-mobile-header-display":"","site-post-title":"","ast-breadcrumbs-content":"","ast-featured-img":"","footer-sml-layout":"","ast-disable-related-posts":"","theme-transparent-header-meta":"default","adv-header-id-meta":"","stick-header-meta":"","header-above-stick-meta":"","header-main-stick-meta":"","header-below-stick-meta":"","astra-migrate-meta-layouts":"set","ast-page-background-enabled":"default","ast-page-background-meta":{"desktop":{"background-color":"var(--ast-global-color-5)","background-image":"","background-repeat":"repeat","background-position":"center center","background-size":"auto","background-attachment":"scroll","background-type":"","background-media":"","overlay-type":"","overlay-color":"","overlay-opacity":"","overlay-gradient":""},"tablet":{"background-color":"","background-image":"","background-repeat":"repeat","background-position":"center center","background-size":"auto","background-attachment":"scroll","background-type":"","background-media":"","overlay-type":"","overlay-color":"","overlay-opacity":"","overlay-gradient":""},"mobile":{"background-color":"","background-image":"","background-repeat":"repeat","background-position":"center center","background-size":"auto","background-attachment":"scroll","background-type":"","background-media":"","overlay-type":"","overlay-color":"","overlay-opacity":"","overlay-gradient":""}},"ast-content-background-meta":{"desktop":{"background-color":"var(--ast-global-color-4)","background-image":"","background-repeat":"repeat","background-position":"center center","background-size":"auto","background-attachment":"scroll","background-type":"","background-media":"","overlay-type":"","overlay-color":"","overlay-opacity":"","overlay-gradient":""},"tablet":{"background-color":"var(--ast-global-color-4)","background-image":"","background-repeat":"repeat","background-position":"center center","background-size":"auto","background-attachment":"scroll","background-type":"","background-media":"","overlay-type":"","overlay-color":"","overlay-opacity":"","overlay-gradient":""},"mobile":{"background-color":"var(--ast-global-color-4)","background-image":"","background-repeat":"repeat","background-position":"center center","background-size":"auto","background-attachment":"scroll","background-type":"","background-media":"","overlay-type":"","overlay-color":"","overlay-opacity":"","overlay-gradient":""}}},"product_brand":[40],"product_cat":[31,30,42,28],"product_tag":[],"class_list":{"0":"post-347","1":"product","2":"type-product","3":"status-publish","4":"has-post-thumbnail","6":"product_brand-ferma-demiri","7":"product_cat-dhurata","8":"product_cat-konfeta","9":"product_cat-kozmetike","10":"product_cat-kujdesi-per-veten","11":"desktop-align-left","12":"tablet-align-left","13":"mobile-align-left","15":"first","16":"outofstock","17":"taxable","18":"shipping-taxable","19":"purchasable","20":"product-type-variable"},"_links":{"self":[{"href":"https:\/\/fermademiri.com\/index.php?rest_route=\/wp\/v2\/product\/347","targetHints":{"allow":["GET"]}}],"collection":[{"href":"https:\/\/fermademiri.com\/index.php?rest_route=\/wp\/v2\/product"}],"about":[{"href":"https:\/\/fermademiri.com\/index.php?rest_route=\/wp\/v2\/types\/product"}],"replies":[{"embeddable":true,"href":"https:\/\/fermademiri.com\/index.php?rest_route=%2Fwp%2Fv2%2Fcomments&post=347"}],"wp:featuredmedia":[{"embeddable":true,"href":"https:\/\/fermademiri.com\/index.php?rest_route=\/wp\/v2\/media\/334"}],"wp:attachment":[{"href":"https:\/\/fermademiri.com\/index.php?rest_route=%2Fwp%2Fv2%2Fmedia&parent=347"}],"wp:term":[{"taxonomy":"product_brand","embeddable":true,"href":"https:\/\/fermademiri.com\/index.php?rest_route=%2Fwp%2Fv2%2Fproduct_brand&post=347"},{"taxonomy":"product_cat","embeddable":true,"href":"https:\/\/fermademiri.com\/index.php?rest_route=%2Fwp%2Fv2%2Fproduct_cat&post=347"},{"taxonomy":"product_tag","embeddable":true,"href":"https:\/\/fermademiri.com\/index.php?rest_route=%2Fwp%2Fv2%2Fproduct_tag&post=347"}],"curies":[{"name":"wp","href":"https:\/\/api.w.org\/{rel}","templated":true}]}}